{"id":1096,"date":"2020-06-15T11:18:50","date_gmt":"2020-06-15T09:18:50","guid":{"rendered":"https:\/\/langueetcom.fr\/?page_id=1096"},"modified":"2024-10-11T17:00:32","modified_gmt":"2024-10-11T15:00:32","slug":"ateliers-alphabetisation","status":"publish","type":"page","link":"https:\/\/langueetcom.fr\/actions-de-proximite\/ateliers-alphabetisation\/","title":{"rendered":"Ateliers Alphab\u00e9tisation"},"content":{"rendered":"[vc_section css=\u00a0\u00bb.vc_custom_1584006388801{padding-right: 15% !important;padding-left: 15% !important;}\u00a0\u00bb][vc_row full_width=\u00a0\u00bbstretch_row_content_no_spaces\u00a0\u00bb][vc_column]<div class=\"vcex-module vcex-image-banner wpex-relative wpex-overflow-hidden wpex-max-w-100 wpex-bg-gray-900 wpex-text-white wpex-float-center wpex-text-center\" ><span class=\"vcex-ib-img wpex-block wpex-z-1 wpex-transition-all wpex-duration-500 wpex-bg-cover wpex-absolute wpex-inset-0\" style=\"background-image:url(https:\/\/langueetcom.fr\/wp-content\/uploads\/WhatsApp-Image-2024-03-29-a-09.52.57_6fdf47a2.jpg);background-position:center center;\"><\/span><div class=\"vcex-ib-overlay wpex-absolute wpex-z-5 wpex-inset-0 wpex-transition-all wpex-duration-500\"><div class=\"vcex-ib-overlay-bg wpex-absolute wpex-inset-0 wpex-bg-black wpex-opacity-30\" style=\"background:#000000;opacity:0.5;\"><\/div><\/div><div class=\"vcex-ib-content-wrap wpex-z-10 wpex-w-100 wpex-transition-all wpex-duration-500 wpex-relative wpex-clr\"><div class=\"vcex-ib-content wpex-mx-auto wpex-clr\"><h1 class=\"vcex-ib-title wpex-heading wpex-inherit-color-important\" data-wpex-rcss='{&quot;font-size&quot;:{&quot;d&quot;:&quot;6rem&quot;,&quot;tl&quot;:&quot;5rem&quot;,&quot;tp&quot;:&quot;5rem&quot;,&quot;pl&quot;:&quot;4rem&quot;,&quot;pp&quot;:&quot;4rem&quot;}}'>Ateliers Alphab\u00e9tisation<\/h1><\/div><\/div><\/div>[vc_empty_space][\/vc_column][\/vc_row][vc_row css=\u00a0\u00bb.vc_custom_1584007314899{margin-top: 5% !important;}\u00a0\u00bb][vc_column][vc_column_text]Accompagner<strong> les adultes non scolaris\u00e9s dans leur pays d\u2019origine<\/strong> \u00e0 d\u00e9velopper les comp\u00e9tences n\u00e9cessaires dans l\u2019objectif de devenir lecteur-scripteur. Notre formule intensive (10h \u00e0 12h hebdomadaires) croise les p\u00e9dagogies pour offrir des supports adapt\u00e9s au besoin de chacun\u00b7e, \u00e9volutifs et ancr\u00e9s dans le quotidien des apprenant\u00b7es. Dans le cas des personnes pr\u00e9sentant un \u00e9cart important entre l&rsquo;oral et l&rsquo;\u00e9crit, les comp\u00e9tences orales ne peuvent compenser les difficult\u00e9s rencontr\u00e9es \u00e0 l&rsquo;\u00e9crit, surtout en situation professionnelle o\u00f9 la lecture et la compr\u00e9hension des \u00e9crits administratifs et op\u00e9rationnels sont incontournables (ex. consigne de s\u00e9curit\u00e9).<\/p>\n<p>Parce que notre quotidien implique aussi la ma\u00eetrise des outils technologiques ; une partie de notre formation int\u00e8gre du distanciel afin de lutter contre la fracture num\u00e9rique.[\/vc_column_text][\/vc_column][\/vc_row][\/vc_section][vc_row][vc_column][vc_empty_space][vc_single_image image=\u00a0\u00bb34619&Prime; alignment=\u00a0\u00bbcenter\u00a0\u00bb][vc_empty_space][\/vc_column][\/vc_row]\n","protected":false},"excerpt":{"rendered":"<p>[vc_section css=\u00a0\u00bb.vc_custom_1584006388801{padding-right: 15% !important;padding-left: 15% !important;}\u00a0\u00bb][vc_row full_width=\u00a0\u00bbstretch_row_content_no_spaces\u00a0\u00bb][vc_column][vc_empty_space][\/vc_column][\/vc_row][vc_row css=\u00a0\u00bb.vc_custom_1584007314899{margin-top: 5% !important;}\u00a0\u00bb][vc_column][vc_column_text]Accompagner les adultes non scolaris\u00e9s dans leur pays d\u2019origine \u00e0 d\u00e9velopper les comp\u00e9tences n\u00e9cessaires dans l\u2019objectif de devenir lecteur-scripteur. Notre formule intensive (10h \u00e0 12h hebdomadaires) croise les p\u00e9dagogies pour offrir&hellip;<\/p>\n","protected":false},"author":3,"featured_media":0,"parent":291,"menu_order":0,"comment_status":"closed","ping_status":"closed","template":"","meta":{"_EventAllDay":false,"_EventTimezone":"","_EventStartDate":"","_EventEndDate":"","_EventStartDateUTC":"","_EventEndDateUTC":"","_EventShowMap":false,"_EventShowMapLink":false,"_EventURL":"","_EventCost":"","_EventCostDescription":"","_EventCurrencySymbol":"","_EventCurrencyPosition":"","_EventDateTimeSeparator":"","_EventTimeRangeSeparator":"","_EventOrganizerID":[],"_EventVenueID":0,"_OrganizerEmail":"","_OrganizerPhone":"","_OrganizerWebsite":"","_VenueAddress":"","_VenueCity":"","_VenueCountry":"","_VenueProvince":"","_VenueZip":"","_VenuePhone":"","_VenueURL":"","_VenueStateProvince":"","_VenueLat":"","_VenueLng":""},"yoast_head":"<!-- This site is optimized with the Yoast SEO plugin v16.4 - https:\/\/yoast.com\/wordpress\/plugins\/seo\/ -->\n<title>Ateliers Alphab\u00e9tisation | Langue et Communication<\/title>\n<meta name=\"robots\" content=\"index, follow, max-snippet:-1, max-image-preview:large, max-video-preview:-1\" \/>\n<link rel=\"canonical\" href=\"https:\/\/langueetcom.fr\/actions-de-proximite\/ateliers-alphabetisation\/\" \/>\n<meta property=\"og:locale\" content=\"fr_FR\" \/>\n<meta property=\"og:type\" content=\"article\" \/>\n<meta property=\"og:title\" content=\"Ateliers Alphab\u00e9tisation | Langue et Communication\" \/>\n<meta property=\"og:description\" content=\"[vc_section css=\u00a0\u00bb.vc_custom_1584006388801{padding-right: 15% !important;padding-left: 15% !important;}\u00a0\u00bb][vc_row full_width=\u00a0\u00bbstretch_row_content_no_spaces\u00a0\u00bb][vc_column][vc_empty_space][\/vc_column][\/vc_row][vc_row css=\u00a0\u00bb.vc_custom_1584007314899{margin-top: 5% !important;}\u00a0\u00bb][vc_column][vc_column_text]Accompagner les adultes non scolaris\u00e9s dans leur pays d\u2019origine \u00e0 d\u00e9velopper les comp\u00e9tences n\u00e9cessaires dans l\u2019objectif de devenir lecteur-scripteur. Notre formule intensive (10h \u00e0 12h hebdomadaires) croise les p\u00e9dagogies pour offrir&hellip;\" \/>\n<meta property=\"og:url\" content=\"https:\/\/langueetcom.fr\/actions-de-proximite\/ateliers-alphabetisation\/\" \/>\n<meta property=\"og:site_name\" content=\"Langue et Communication\" \/>\n<meta property=\"article:modified_time\" content=\"2024-10-11T15:00:32+00:00\" \/>\n<meta name=\"twitter:card\" content=\"summary_large_image\" \/>\n<meta name=\"twitter:label1\" content=\"Dur\u00e9e de lecture est.\" \/>\n\t<meta name=\"twitter:data1\" content=\"1 minute\" \/>\n<script type=\"application\/ld+json\" class=\"yoast-schema-graph\">{\"@context\":\"https:\/\/schema.org\",\"@graph\":[{\"@type\":\"Organization\",\"@id\":\"https:\/\/langueetcom.fr\/#organization\",\"name\":\"Langue et Communication\",\"url\":\"https:\/\/langueetcom.fr\/\",\"sameAs\":[],\"logo\":{\"@type\":\"ImageObject\",\"@id\":\"https:\/\/langueetcom.fr\/#logo\",\"inLanguage\":\"fr-FR\",\"url\":\"https:\/\/langueetcom.fr\/wp-content\/uploads\/2020\/12\/langueetcom-logo-typoseule-004.png\",\"contentUrl\":\"https:\/\/langueetcom.fr\/wp-content\/uploads\/2020\/12\/langueetcom-logo-typoseule-004.png\",\"width\":909,\"height\":268,\"caption\":\"Langue et Communication\"},\"image\":{\"@id\":\"https:\/\/langueetcom.fr\/#logo\"}},{\"@type\":\"WebSite\",\"@id\":\"https:\/\/langueetcom.fr\/#website\",\"url\":\"https:\/\/langueetcom.fr\/\",\"name\":\"Langue et Communication\",\"description\":\"Centre de formation pour un apprentissage du fran\\u00e7aisriche de sens\",\"publisher\":{\"@id\":\"https:\/\/langueetcom.fr\/#organization\"},\"potentialAction\":[{\"@type\":\"SearchAction\",\"target\":\"https:\/\/langueetcom.fr\/?s={search_term_string}\",\"query-input\":\"required name=search_term_string\"}],\"inLanguage\":\"fr-FR\"},{\"@type\":\"WebPage\",\"@id\":\"https:\/\/langueetcom.fr\/actions-de-proximite\/ateliers-alphabetisation\/#webpage\",\"url\":\"https:\/\/langueetcom.fr\/actions-de-proximite\/ateliers-alphabetisation\/\",\"name\":\"Ateliers Alphab\\u00e9tisation | Langue et Communication\",\"isPartOf\":{\"@id\":\"https:\/\/langueetcom.fr\/#website\"},\"datePublished\":\"2020-06-15T09:18:50+00:00\",\"dateModified\":\"2024-10-11T15:00:32+00:00\",\"breadcrumb\":{\"@id\":\"https:\/\/langueetcom.fr\/actions-de-proximite\/ateliers-alphabetisation\/#breadcrumb\"},\"inLanguage\":\"fr-FR\",\"potentialAction\":[{\"@type\":\"ReadAction\",\"target\":[\"https:\/\/langueetcom.fr\/actions-de-proximite\/ateliers-alphabetisation\/\"]}]},{\"@type\":\"BreadcrumbList\",\"@id\":\"https:\/\/langueetcom.fr\/actions-de-proximite\/ateliers-alphabetisation\/#breadcrumb\",\"itemListElement\":[{\"@type\":\"ListItem\",\"position\":1,\"item\":{\"@type\":\"WebPage\",\"@id\":\"https:\/\/langueetcom.fr\/\",\"url\":\"https:\/\/langueetcom.fr\/\",\"name\":\"Accueil\"}},{\"@type\":\"ListItem\",\"position\":2,\"item\":{\"@type\":\"WebPage\",\"@id\":\"https:\/\/langueetcom.fr\/actions-de-proximite\/\",\"url\":\"https:\/\/langueetcom.fr\/actions-de-proximite\/\",\"name\":\"Actions de proximit\\u00e9\"}},{\"@type\":\"ListItem\",\"position\":3,\"item\":{\"@id\":\"https:\/\/langueetcom.fr\/actions-de-proximite\/ateliers-alphabetisation\/#webpage\"}}]}]}<\/script>\n<!-- \/ Yoast SEO plugin. -->","_links":{"self":[{"href":"https:\/\/langueetcom.fr\/api\/wp\/v2\/pages\/1096"}],"collection":[{"href":"https:\/\/langueetcom.fr\/api\/wp\/v2\/pages"}],"about":[{"href":"https:\/\/langueetcom.fr\/api\/wp\/v2\/types\/page"}],"author":[{"embeddable":true,"href":"https:\/\/langueetcom.fr\/api\/wp\/v2\/users\/3"}],"replies":[{"embeddable":true,"href":"https:\/\/langueetcom.fr\/api\/wp\/v2\/comments?post=1096"}],"version-history":[{"count":12,"href":"https:\/\/langueetcom.fr\/api\/wp\/v2\/pages\/1096\/revisions"}],"predecessor-version":[{"id":34623,"href":"https:\/\/langueetcom.fr\/api\/wp\/v2\/pages\/1096\/revisions\/34623"}],"up":[{"embeddable":true,"href":"https:\/\/langueetcom.fr\/api\/wp\/v2\/pages\/291"}],"wp:attachment":[{"href":"https:\/\/langueetcom.fr\/api\/wp\/v2\/media?parent=1096"}],"curies":[{"name":"wp","href":"https:\/\/api.w.org\/{rel}","templated":true}]}}

Ateliers Alphabétisation

[vc_section css= ».vc_custom_1584006388801{padding-right: 15% !important;padding-left: 15% !important;} »][vc_row full_width= »stretch_row_content_no_spaces »][vc_column]<div class="vcex-module vcex-image-banner wpex-relative wpex-overflow-hidden wpex-max-w-100 wpex-bg-gray-900 wpex-text-white wpex-float-center wpex-text-center" ><span class="vcex-ib-img wpex-block wpex-z-1 wpex-transition-all wpex-duration-500 wpex-bg-cover wpex-absolute wpex-inset-0" style="background-image:url(https://langueetcom.fr/wp-content/uploads/WhatsApp-Image-2024-03-29-a-09.52.57_6fdf47a2.jpg);background-position:center center;"></span><div class="vcex-ib-overlay wpex-absolute wpex-z-5 wpex-inset-0 wpex-transition-all wpex-duration-500"><div class="vcex-ib-overlay-bg wpex-absolute wpex-inset-0 wpex-bg-black wpex-opacity-30" style="background:#000000;opacity:0.5;"></div></div><div class="vcex-ib-content-wrap wpex-z-10 wpex-w-100 wpex-transition-all wpex-duration-500 wpex-relative wpex-clr"><div class="vcex-ib-content wpex-mx-auto wpex-clr"><h1 class="vcex-ib-title wpex-heading wpex-inherit-color-important" data-wpex-rcss='{&quot;font-size&quot;:{&quot;d&quot;:&quot;6rem&quot;,&quot;tl&quot;:&quot;5rem&quot;,&quot;tp&quot;:&quot;5rem&quot;,&quot;pl&quot;:&quot;4rem&quot;,&quot;pp&quot;:&quot;4rem&quot;}}'>Ateliers Alphabétisation</h1></div></div></div>[vc_empty_space][/vc_column][/vc_row][vc_row css= ».vc_custom_1584007314899{margin-top: 5% !important;} »][vc_column][vc_column_text]Accompagner<strong> les adultes non scolarisés dans leur pays d’origine</strong> à développer les compétences nécessaires dans l’objectif de devenir lecteur-scripteur. Notre formule intensive (10h à 12h hebdomadaires) croise les pédagogies pour offrir des supports adaptés au besoin de chacun·e, évolutifs et ancrés dans le quotidien des apprenant·es. Dans le cas des personnes présentant un écart important entre l&rsquo;oral et l&rsquo;écrit, les compétences orales ne peuvent compenser les difficultés rencontrées à l&rsquo;écrit, surtout en situation professionnelle où la lecture et la compréhension des écrits administratifs et opérationnels sont incontournables (ex. consigne de sécurité).</p>
<p>Parce que notre quotidien implique aussi la maîtrise des outils technologiques ; une partie de notre formation intègre du distanciel afin de lutter contre la fracture numérique.[/vc_column_text][/vc_column][/vc_row][/vc_section][vc_row][vc_column][vc_empty_space][vc_single_image image= »34619&Prime; alignment= »center »][vc_empty_space][/vc_column][/vc_row]

<p>[vc_section css= ».vc_custom_1584006388801{padding-right: 15% !important;padding-left: 15% !important;} »][vc_row full_width= »stretch_row_content_no_spaces »][vc_column][vc_empty_space][/vc_column][/vc_row][vc_row css= ».vc_custom_1584007314899{margin-top: 5% !important;} »][vc_column][vc_column_text]Accompagner les adultes non scolarisés dans leur pays d’origine à développer les compétences nécessaires dans l’objectif de devenir lecteur-scripteur. Notre formule intensive (10h à 12h hebdomadaires) croise les pédagogies pour offrir&hellip;</p>

<!-- This site is optimized with the Yoast SEO plugin v16.4 - https://yoast.com/wordpress/plugins/seo/ -->
<title>Ateliers Alphabétisation | Langue et Communication</title>
<meta name="robots" content="index, follow, max-snippet:-1, max-image-preview:large, max-video-preview:-1" />
<link rel="canonical" href="https://langueetcom.fr/actions-de-proximite/ateliers-alphabetisation/" />
<meta property="og:locale" content="fr_FR" />
<meta property="og:type" content="article" />
<meta property="og:title" content="Ateliers Alphabétisation | Langue et Communication" />
<meta property="og:description" content="[vc_section css= ».vc_custom_1584006388801{padding-right: 15% !important;padding-left: 15% !important;} »][vc_row full_width= »stretch_row_content_no_spaces »][vc_column][vc_empty_space][/vc_column][/vc_row][vc_row css= ».vc_custom_1584007314899{margin-top: 5% !important;} »][vc_column][vc_column_text]Accompagner les adultes non scolarisés dans leur pays d’origine à développer les compétences nécessaires dans l’objectif de devenir lecteur-scripteur. Notre formule intensive (10h à 12h hebdomadaires) croise les pédagogies pour offrir&hellip;" />
<meta property="og:url" content="https://langueetcom.fr/actions-de-proximite/ateliers-alphabetisation/" />
<meta property="og:site_name" content="Langue et Communication" />
<meta property="article:modified_time" content="2024-10-11T15:00:32+00:00" />
<meta name="twitter:card" content="summary_large_image" />
<meta name="twitter:label1" content="Durée de lecture est." />
	<meta name="twitter:data1" content="1 minute" />
<script type="application/ld+json" class="yoast-schema-graph">{"@context":"https://schema.org","@graph":[{"@type":"Organization","@id":"https://langueetcom.fr/#organization","name":"Langue et Communication","url":"https://langueetcom.fr/","sameAs":[],"logo":{"@type":"ImageObject","@id":"https://langueetcom.fr/#logo","inLanguage":"fr-FR","url":"https://langueetcom.fr/wp-content/uploads/2020/12/langueetcom-logo-typoseule-004.png","contentUrl":"https://langueetcom.fr/wp-content/uploads/2020/12/langueetcom-logo-typoseule-004.png","width":909,"height":268,"caption":"Langue et Communication"},"image":{"@id":"https://langueetcom.fr/#logo"}},{"@type":"WebSite","@id":"https://langueetcom.fr/#website","url":"https://langueetcom.fr/","name":"Langue et Communication","description":"Centre de formation pour un apprentissage du fran\u00e7aisriche de sens","publisher":{"@id":"https://langueetcom.fr/#organization"},"potentialAction":[{"@type":"SearchAction","target":"https://langueetcom.fr/?s={search_term_string}","query-input":"required name=search_term_string"}],"inLanguage":"fr-FR"},{"@type":"WebPage","@id":"https://langueetcom.fr/actions-de-proximite/ateliers-alphabetisation/#webpage","url":"https://langueetcom.fr/actions-de-proximite/ateliers-alphabetisation/","name":"Ateliers Alphab\u00e9tisation | Langue et Communication","isPartOf":{"@id":"https://langueetcom.fr/#website"},"datePublished":"2020-06-15T09:18:50+00:00","dateModified":"2024-10-11T15:00:32+00:00","breadcrumb":{"@id":"https://langueetcom.fr/actions-de-proximite/ateliers-alphabetisation/#breadcrumb"},"inLanguage":"fr-FR","potentialAction":[{"@type":"ReadAction","target":["https://langueetcom.fr/actions-de-proximite/ateliers-alphabetisation/"]}]},{"@type":"BreadcrumbList","@id":"https://langueetcom.fr/actions-de-proximite/ateliers-alphabetisation/#breadcrumb","itemListElement":[{"@type":"ListItem","position":1,"item":{"@type":"WebPage","@id":"https://langueetcom.fr/","url":"https://langueetcom.fr/","name":"Accueil"}},{"@type":"ListItem","position":2,"item":{"@type":"WebPage","@id":"https://langueetcom.fr/actions-de-proximite/","url":"https://langueetcom.fr/actions-de-proximite/","name":"Actions de proximit\u00e9"}},{"@type":"ListItem","position":3,"item":{"@id":"https://langueetcom.fr/actions-de-proximite/ateliers-alphabetisation/#webpage"}}]}]}</script>
<!-- / Yoast SEO plugin. -->
