{"id":1255,"date":"2020-07-17T13:46:24","date_gmt":"2020-07-17T11:46:24","guid":{"rendered":"https:\/\/langueetcom.fr\/?page_id=1255"},"modified":"2020-07-22T10:29:47","modified_gmt":"2020-07-22T08:29:47","slug":"for-professionals","status":"publish","type":"page","link":"https:\/\/langueetcom.fr\/en\/trainings\/for-professionals\/","title":{"rendered":"for professionals"},"content":{"rendered":"[vc_section css=\u00a0\u00bb.vc_custom_1584006388801{padding-right: 15% !important;padding-left: 15% !important;}\u00a0\u00bb][vc_row full_width=\u00a0\u00bbstretch_row_content_no_spaces\u00a0\u00bb][vc_column]<div class=\"vcex-module vcex-image-banner wpex-relative wpex-overflow-hidden wpex-max-w-100 wpex-bg-gray-900 wpex-text-white wpex-float-center wpex-text-center\" ><div class=\"vcex-ib-overlay wpex-absolute wpex-z-5 wpex-inset-0 wpex-transition-all wpex-duration-500\"><div class=\"vcex-ib-overlay-bg wpex-absolute wpex-inset-0 wpex-bg-black wpex-opacity-30\" style=\"background:#000000;opacity:0.5;\"><\/div><\/div><div class=\"vcex-ib-content-wrap wpex-z-10 wpex-w-100 wpex-transition-all wpex-duration-500 wpex-relative wpex-clr\"><div class=\"vcex-ib-content wpex-mx-auto wpex-clr\"><h1 class=\"vcex-ib-title wpex-heading wpex-inherit-color-important\" data-wpex-rcss='{&quot;font-size&quot;:{&quot;d&quot;:&quot;6rem&quot;,&quot;tl&quot;:&quot;5rem&quot;,&quot;tp&quot;:&quot;5rem&quot;,&quot;pl&quot;:&quot;4rem&quot;,&quot;pp&quot;:&quot;4rem&quot;}}'>Formation de professionnel\u00b7les<\/h1><div class=\"vcex-ib-caption wpex-text-lg wpex-last-mb-0\">En construction<\/div><\/div><\/div><\/div>[\/vc_column][\/vc_row][vc_row css=\u00a0\u00bb.vc_custom_1591366502328{margin-top: 5% !important;}\u00a0\u00bb visibility=\u00a0\u00bbhidden\u00a0\u00bb][vc_column][vc_column_text]P\u00e9dagogues passionn\u00e9.es \u00e0 la cr\u00e9ativit\u00e9 bouillonnante, nous cr\u00e9ons des outils p\u00e9dagogiques adapt\u00e9s \u00e0 vos projets et aux nouvelles technologies. Nous adaptons les ressources pour vous permettre de mieux communiquer avec ou pour les personnes allophones dans un objectif de formation linguistique ou de communication de vos actions d\u2019accueil et de suivi dans votre quotidien professionnel.[\/vc_column_text][\/vc_column][\/vc_row][vc_row css=\u00a0\u00bb.vc_custom_1591366514959{margin-top: 5% !important;}\u00a0\u00bb visibility=\u00a0\u00bbhidden\u00a0\u00bb][vc_column][vc_row_inner css=\u00a0\u00bb.vc_custom_1585132711208{border: 2px initial !important;}\u00a0\u00bb][vc_column_inner css=\u00a0\u00bb.vc_custom_1585132878471{border-top-width: 2px !important;border-right-width: 2px !important;border-bottom-width: 2px !important;border-left-width: 2px !important;padding-right: 1.5rem !important;padding-bottom: 4rem !important;padding-left: 1.5rem !important;border-left-color: #6b1743 !important;border-left-style: solid !important;border-right-color: #6b1743 !important;border-right-style: solid !important;border-top-color: #6b1743 !important;border-top-style: solid !important;border-bottom-color: #6b1743 !important;border-bottom-style: solid !important;border-radius: 15px !important;}\u00a0\u00bb]<h2 class=\"vcex-heading vcex-module wpex-text-2xl wpex-font-normal wpex-m-auto wpex-max-w-100 vcex-heading-plain wpex-block wpex-text-center\"><span class=\"vcex-heading-inner wpex-inline-block wpex-clr\">Expertise et cr\u00e9ation de supports en Alphab\u00e9tisation<\/span><\/h2><div class=\"vcex-spacing wpex-w-100 wpex-clear\" style=\"height:30px\"><\/div>[vc_column_text text_align=\u00a0\u00bbcenter\u00a0\u00bb]\n<p style=\"text-align: left;\">Textes&#8230;<\/p>\n[\/vc_column_text]<div class=\"vcex-spacing wpex-w-100 wpex-clear\" style=\"height:30px\"><\/div>[\/vc_column_inner][\/vc_row_inner]<div class=\"vcex-spacing wpex-w-100 wpex-clear\" style=\"height:30px\"><\/div>[vc_row_inner css=\u00a0\u00bb.vc_custom_1585132711208{border: 2px initial !important;}\u00a0\u00bb][vc_column_inner css=\u00a0\u00bb.vc_custom_1585132878471{border-top-width: 2px !important;border-right-width: 2px !important;border-bottom-width: 2px !important;border-left-width: 2px !important;padding-right: 1.5rem !important;padding-bottom: 4rem !important;padding-left: 1.5rem !important;border-left-color: #6b1743 !important;border-left-style: solid !important;border-right-color: #6b1743 !important;border-right-style: solid !important;border-top-color: #6b1743 !important;border-top-style: solid !important;border-bottom-color: #6b1743 !important;border-bottom-style: solid !important;border-radius: 15px !important;}\u00a0\u00bb]<h2 class=\"vcex-heading vcex-module wpex-text-2xl wpex-font-normal wpex-m-auto wpex-max-w-100 vcex-heading-plain wpex-block wpex-text-center\"><span class=\"vcex-heading-inner wpex-inline-block wpex-clr\">Nos projets num\u00e9riques<\/span><\/h2><div class=\"vcex-spacing wpex-w-100 wpex-clear\" style=\"height:30px\"><\/div>[vc_column_text text_align=\u00a0\u00bbcenter\u00a0\u00bb]\n<p style=\"text-align: left;\">Textes&#8230;<\/p>\n[\/vc_column_text]<div class=\"vcex-spacing wpex-w-100 wpex-clear\" style=\"height:30px\"><\/div>[\/vc_column_inner][\/vc_row_inner]<div class=\"vcex-spacing wpex-w-100 wpex-clear\" style=\"height:30px\"><\/div>[vc_row_inner css=\u00a0\u00bb.vc_custom_1585132711208{border: 2px initial !important;}\u00a0\u00bb][vc_column_inner css=\u00a0\u00bb.vc_custom_1585132878471{border-top-width: 2px !important;border-right-width: 2px !important;border-bottom-width: 2px !important;border-left-width: 2px !important;padding-right: 1.5rem !important;padding-bottom: 4rem !important;padding-left: 1.5rem !important;border-left-color: #6b1743 !important;border-left-style: solid !important;border-right-color: #6b1743 !important;border-right-style: solid !important;border-top-color: #6b1743 !important;border-top-style: solid !important;border-bottom-color: #6b1743 !important;border-bottom-style: solid !important;border-radius: 15px !important;}\u00a0\u00bb]<h2 class=\"vcex-heading vcex-module wpex-text-2xl wpex-font-normal wpex-m-auto wpex-max-w-100 vcex-heading-plain wpex-block wpex-text-center\"><span class=\"vcex-heading-inner wpex-inline-block wpex-clr\">Nos interventions en ing\u00e9nierie p\u00e9dagogique<\/span><\/h2><div class=\"vcex-spacing wpex-w-100 wpex-clear\" style=\"height:30px\"><\/div>[vc_column_text text_align=\u00a0\u00bbcenter\u00a0\u00bb]\n<p style=\"text-align: left;\">Textes&#8230;<\/p>\n[\/vc_column_text]<div class=\"vcex-spacing wpex-w-100 wpex-clear\" style=\"height:30px\"><\/div>[\/vc_column_inner][\/vc_row_inner]<div class=\"vcex-spacing wpex-w-100 wpex-clear\" style=\"height:30px\"><\/div>[\/vc_column][\/vc_row][\/vc_section]\n","protected":false},"excerpt":{"rendered":"<p>[vc_section css=\u00a0\u00bb.vc_custom_1584006388801{padding-right: 15% !important;padding-left: 15% !important;}\u00a0\u00bb][vc_row full_width=\u00a0\u00bbstretch_row_content_no_spaces\u00a0\u00bb][vc_column][\/vc_column][\/vc_row][vc_row css=\u00a0\u00bb.vc_custom_1591366502328{margin-top: 5% !important;}\u00a0\u00bb visibility=\u00a0\u00bbhidden\u00a0\u00bb][vc_column][vc_column_text]P\u00e9dagogues passionn\u00e9.es \u00e0 la cr\u00e9ativit\u00e9 bouillonnante, nous cr\u00e9ons des outils p\u00e9dagogiques adapt\u00e9s \u00e0 vos projets et aux nouvelles technologies. Nous adaptons les ressources pour vous permettre de mieux communiquer avec&hellip;<\/p>\n","protected":false},"author":1,"featured_media":0,"parent":1249,"menu_order":0,"comment_status":"closed","ping_status":"closed","template":"","meta":{"_EventAllDay":false,"_EventTimezone":"","_EventStartDate":"","_EventEndDate":"","_EventStartDateUTC":"","_EventEndDateUTC":"","_EventShowMap":false,"_EventShowMapLink":false,"_EventURL":"","_EventCost":"","_EventCostDescription":"","_EventCurrencySymbol":"","_EventCurrencyPosition":"","_EventDateTimeSeparator":"","_EventTimeRangeSeparator":"","_EventOrganizerID":[],"_EventVenueID":0,"_OrganizerEmail":"","_OrganizerPhone":"","_OrganizerWebsite":"","_VenueAddress":"","_VenueCity":"","_VenueCountry":"","_VenueProvince":"","_VenueZip":"","_VenuePhone":"","_VenueURL":"","_VenueStateProvince":"","_VenueLat":"","_VenueLng":""},"yoast_head":"<!-- This site is optimized with the Yoast SEO plugin v16.4 - https:\/\/yoast.com\/wordpress\/plugins\/seo\/ -->\n<title>for professionals | Langue et Communication<\/title>\n<meta name=\"robots\" content=\"index, follow, max-snippet:-1, max-image-preview:large, max-video-preview:-1\" \/>\n<link rel=\"canonical\" href=\"https:\/\/langueetcom.fr\/en\/trainings\/for-professionals\/\" \/>\n<meta property=\"og:locale\" content=\"fr_FR\" \/>\n<meta property=\"og:type\" content=\"article\" \/>\n<meta property=\"og:title\" content=\"for professionals | Langue et Communication\" \/>\n<meta property=\"og:description\" content=\"[vc_section css=\u00a0\u00bb.vc_custom_1584006388801{padding-right: 15% !important;padding-left: 15% !important;}\u00a0\u00bb][vc_row full_width=\u00a0\u00bbstretch_row_content_no_spaces\u00a0\u00bb][vc_column][\/vc_column][\/vc_row][vc_row css=\u00a0\u00bb.vc_custom_1591366502328{margin-top: 5% !important;}\u00a0\u00bb visibility=\u00a0\u00bbhidden\u00a0\u00bb][vc_column][vc_column_text]P\u00e9dagogues passionn\u00e9.es \u00e0 la cr\u00e9ativit\u00e9 bouillonnante, nous cr\u00e9ons des outils p\u00e9dagogiques adapt\u00e9s \u00e0 vos projets et aux nouvelles technologies. Nous adaptons les ressources pour vous permettre de mieux communiquer avec&hellip;\" \/>\n<meta property=\"og:url\" content=\"https:\/\/langueetcom.fr\/en\/trainings\/for-professionals\/\" \/>\n<meta property=\"og:site_name\" content=\"Langue et Communication\" \/>\n<meta property=\"article:modified_time\" content=\"2020-07-22T08:29:47+00:00\" \/>\n<meta name=\"twitter:card\" content=\"summary_large_image\" \/>\n<meta name=\"twitter:label1\" content=\"Dur\u00e9e de lecture est.\" \/>\n\t<meta name=\"twitter:data1\" content=\"2 minutes\" \/>\n<script type=\"application\/ld+json\" class=\"yoast-schema-graph\">{\"@context\":\"https:\/\/schema.org\",\"@graph\":[{\"@type\":\"Organization\",\"@id\":\"https:\/\/langueetcom.fr\/#organization\",\"name\":\"Langue et Communication\",\"url\":\"https:\/\/langueetcom.fr\/\",\"sameAs\":[],\"logo\":{\"@type\":\"ImageObject\",\"@id\":\"https:\/\/langueetcom.fr\/#logo\",\"inLanguage\":\"fr-FR\",\"url\":\"https:\/\/langueetcom.fr\/wp-content\/uploads\/2020\/12\/langueetcom-logo-typoseule-004.png\",\"contentUrl\":\"https:\/\/langueetcom.fr\/wp-content\/uploads\/2020\/12\/langueetcom-logo-typoseule-004.png\",\"width\":909,\"height\":268,\"caption\":\"Langue et Communication\"},\"image\":{\"@id\":\"https:\/\/langueetcom.fr\/#logo\"}},{\"@type\":\"WebSite\",\"@id\":\"https:\/\/langueetcom.fr\/#website\",\"url\":\"https:\/\/langueetcom.fr\/\",\"name\":\"Langue et Communication\",\"description\":\"Centre de formation pour un apprentissage du fran\\u00e7aisriche de sens\",\"publisher\":{\"@id\":\"https:\/\/langueetcom.fr\/#organization\"},\"potentialAction\":[{\"@type\":\"SearchAction\",\"target\":\"https:\/\/langueetcom.fr\/?s={search_term_string}\",\"query-input\":\"required name=search_term_string\"}],\"inLanguage\":\"fr-FR\"},{\"@type\":\"WebPage\",\"@id\":\"https:\/\/langueetcom.fr\/en\/trainings\/for-professionals\/#webpage\",\"url\":\"https:\/\/langueetcom.fr\/en\/trainings\/for-professionals\/\",\"name\":\"for professionals | Langue et Communication\",\"isPartOf\":{\"@id\":\"https:\/\/langueetcom.fr\/#website\"},\"datePublished\":\"2020-07-17T11:46:24+00:00\",\"dateModified\":\"2020-07-22T08:29:47+00:00\",\"breadcrumb\":{\"@id\":\"https:\/\/langueetcom.fr\/en\/trainings\/for-professionals\/#breadcrumb\"},\"inLanguage\":\"fr-FR\",\"potentialAction\":[{\"@type\":\"ReadAction\",\"target\":[\"https:\/\/langueetcom.fr\/en\/trainings\/for-professionals\/\"]}]},{\"@type\":\"BreadcrumbList\",\"@id\":\"https:\/\/langueetcom.fr\/en\/trainings\/for-professionals\/#breadcrumb\",\"itemListElement\":[{\"@type\":\"ListItem\",\"position\":1,\"item\":{\"@type\":\"WebPage\",\"@id\":\"https:\/\/langueetcom.fr\/\",\"url\":\"https:\/\/langueetcom.fr\/\",\"name\":\"Accueil\"}},{\"@type\":\"ListItem\",\"position\":2,\"item\":{\"@type\":\"WebPage\",\"@id\":\"https:\/\/langueetcom.fr\/en\/trainings\/\",\"url\":\"https:\/\/langueetcom.fr\/en\/trainings\/\",\"name\":\"Trainings\"}},{\"@type\":\"ListItem\",\"position\":3,\"item\":{\"@id\":\"https:\/\/langueetcom.fr\/en\/trainings\/for-professionals\/#webpage\"}}]}]}<\/script>\n<!-- \/ Yoast SEO plugin. -->","_links":{"self":[{"href":"https:\/\/langueetcom.fr\/api\/wp\/v2\/pages\/1255"}],"collection":[{"href":"https:\/\/langueetcom.fr\/api\/wp\/v2\/pages"}],"about":[{"href":"https:\/\/langueetcom.fr\/api\/wp\/v2\/types\/page"}],"author":[{"embeddable":true,"href":"https:\/\/langueetcom.fr\/api\/wp\/v2\/users\/1"}],"replies":[{"embeddable":true,"href":"https:\/\/langueetcom.fr\/api\/wp\/v2\/comments?post=1255"}],"version-history":[{"count":2,"href":"https:\/\/langueetcom.fr\/api\/wp\/v2\/pages\/1255\/revisions"}],"predecessor-version":[{"id":1543,"href":"https:\/\/langueetcom.fr\/api\/wp\/v2\/pages\/1255\/revisions\/1543"}],"up":[{"embeddable":true,"href":"https:\/\/langueetcom.fr\/api\/wp\/v2\/pages\/1249"}],"wp:attachment":[{"href":"https:\/\/langueetcom.fr\/api\/wp\/v2\/media?parent=1255"}],"curies":[{"name":"wp","href":"https:\/\/api.w.org\/{rel}","templated":true}]}}

[vc_section css= ».vc_custom_1584006388801{padding-right: 15% !important;padding-left: 15% !important;} »][vc_row full_width= »stretch_row_content_no_spaces »][vc_column]<div class="vcex-module vcex-image-banner wpex-relative wpex-overflow-hidden wpex-max-w-100 wpex-bg-gray-900 wpex-text-white wpex-float-center wpex-text-center" ><div class="vcex-ib-overlay wpex-absolute wpex-z-5 wpex-inset-0 wpex-transition-all wpex-duration-500"><div class="vcex-ib-overlay-bg wpex-absolute wpex-inset-0 wpex-bg-black wpex-opacity-30" style="background:#000000;opacity:0.5;"></div></div><div class="vcex-ib-content-wrap wpex-z-10 wpex-w-100 wpex-transition-all wpex-duration-500 wpex-relative wpex-clr"><div class="vcex-ib-content wpex-mx-auto wpex-clr"><h1 class="vcex-ib-title wpex-heading wpex-inherit-color-important" data-wpex-rcss='{&quot;font-size&quot;:{&quot;d&quot;:&quot;6rem&quot;,&quot;tl&quot;:&quot;5rem&quot;,&quot;tp&quot;:&quot;5rem&quot;,&quot;pl&quot;:&quot;4rem&quot;,&quot;pp&quot;:&quot;4rem&quot;}}'>Formation de professionnel·les</h1><div class="vcex-ib-caption wpex-text-lg wpex-last-mb-0">En construction</div></div></div></div>[/vc_column][/vc_row][vc_row css= ».vc_custom_1591366502328{margin-top: 5% !important;} » visibility= »hidden »][vc_column][vc_column_text]Pédagogues passionné.es à la créativité bouillonnante, nous créons des outils pédagogiques adaptés à vos projets et aux nouvelles technologies. Nous adaptons les ressources pour vous permettre de mieux communiquer avec ou pour les personnes allophones dans un objectif de formation linguistique ou de communication de vos actions d’accueil et de suivi dans votre quotidien professionnel.[/vc_column_text][/vc_column][/vc_row][vc_row css= ».vc_custom_1591366514959{margin-top: 5% !important;} » visibility= »hidden »][vc_column][vc_row_inner css= ».vc_custom_1585132711208{border: 2px initial !important;} »][vc_column_inner css= ».vc_custom_1585132878471{border-top-width: 2px !important;border-right-width: 2px !important;border-bottom-width: 2px !important;border-left-width: 2px !important;padding-right: 1.5rem !important;padding-bottom: 4rem !important;padding-left: 1.5rem !important;border-left-color: #6b1743 !important;border-left-style: solid !important;border-right-color: #6b1743 !important;border-right-style: solid !important;border-top-color: #6b1743 !important;border-top-style: solid !important;border-bottom-color: #6b1743 !important;border-bottom-style: solid !important;border-radius: 15px !important;} »]<h2 class="vcex-heading vcex-module wpex-text-2xl wpex-font-normal wpex-m-auto wpex-max-w-100 vcex-heading-plain wpex-block wpex-text-center"><span class="vcex-heading-inner wpex-inline-block wpex-clr">Expertise et création de supports en Alphabétisation</span></h2><div class="vcex-spacing wpex-w-100 wpex-clear" style="height:30px"></div>[vc_column_text text_align= »center »]
<p style="text-align: left;">Textes&#8230;</p>
[/vc_column_text]<div class="vcex-spacing wpex-w-100 wpex-clear" style="height:30px"></div>[/vc_column_inner][/vc_row_inner]<div class="vcex-spacing wpex-w-100 wpex-clear" style="height:30px"></div>[vc_row_inner css= ».vc_custom_1585132711208{border: 2px initial !important;} »][vc_column_inner css= ».vc_custom_1585132878471{border-top-width: 2px !important;border-right-width: 2px !important;border-bottom-width: 2px !important;border-left-width: 2px !important;padding-right: 1.5rem !important;padding-bottom: 4rem !important;padding-left: 1.5rem !important;border-left-color: #6b1743 !important;border-left-style: solid !important;border-right-color: #6b1743 !important;border-right-style: solid !important;border-top-color: #6b1743 !important;border-top-style: solid !important;border-bottom-color: #6b1743 !important;border-bottom-style: solid !important;border-radius: 15px !important;} »]<h2 class="vcex-heading vcex-module wpex-text-2xl wpex-font-normal wpex-m-auto wpex-max-w-100 vcex-heading-plain wpex-block wpex-text-center"><span class="vcex-heading-inner wpex-inline-block wpex-clr">Nos projets numériques</span></h2><div class="vcex-spacing wpex-w-100 wpex-clear" style="height:30px"></div>[vc_column_text text_align= »center »]
<p style="text-align: left;">Textes&#8230;</p>
[/vc_column_text]<div class="vcex-spacing wpex-w-100 wpex-clear" style="height:30px"></div>[/vc_column_inner][/vc_row_inner]<div class="vcex-spacing wpex-w-100 wpex-clear" style="height:30px"></div>[vc_row_inner css= ».vc_custom_1585132711208{border: 2px initial !important;} »][vc_column_inner css= ».vc_custom_1585132878471{border-top-width: 2px !important;border-right-width: 2px !important;border-bottom-width: 2px !important;border-left-width: 2px !important;padding-right: 1.5rem !important;padding-bottom: 4rem !important;padding-left: 1.5rem !important;border-left-color: #6b1743 !important;border-left-style: solid !important;border-right-color: #6b1743 !important;border-right-style: solid !important;border-top-color: #6b1743 !important;border-top-style: solid !important;border-bottom-color: #6b1743 !important;border-bottom-style: solid !important;border-radius: 15px !important;} »]<h2 class="vcex-heading vcex-module wpex-text-2xl wpex-font-normal wpex-m-auto wpex-max-w-100 vcex-heading-plain wpex-block wpex-text-center"><span class="vcex-heading-inner wpex-inline-block wpex-clr">Nos interventions en ingénierie pédagogique</span></h2><div class="vcex-spacing wpex-w-100 wpex-clear" style="height:30px"></div>[vc_column_text text_align= »center »]
<p style="text-align: left;">Textes&#8230;</p>
[/vc_column_text]<div class="vcex-spacing wpex-w-100 wpex-clear" style="height:30px"></div>[/vc_column_inner][/vc_row_inner]<div class="vcex-spacing wpex-w-100 wpex-clear" style="height:30px"></div>[/vc_column][/vc_row][/vc_section]

<p>[vc_section css= ».vc_custom_1584006388801{padding-right: 15% !important;padding-left: 15% !important;} »][vc_row full_width= »stretch_row_content_no_spaces »][vc_column][/vc_column][/vc_row][vc_row css= ».vc_custom_1591366502328{margin-top: 5% !important;} » visibility= »hidden »][vc_column][vc_column_text]Pédagogues passionné.es à la créativité bouillonnante, nous créons des outils pédagogiques adaptés à vos projets et aux nouvelles technologies. Nous adaptons les ressources pour vous permettre de mieux communiquer avec&hellip;</p>

<!-- This site is optimized with the Yoast SEO plugin v16.4 - https://yoast.com/wordpress/plugins/seo/ -->
<title>for professionals | Langue et Communication</title>
<meta name="robots" content="index, follow, max-snippet:-1, max-image-preview:large, max-video-preview:-1" />
<link rel="canonical" href="https://langueetcom.fr/en/trainings/for-professionals/" />
<meta property="og:locale" content="fr_FR" />
<meta property="og:type" content="article" />
<meta property="og:title" content="for professionals | Langue et Communication" />
<meta property="og:description" content="[vc_section css= ».vc_custom_1584006388801{padding-right: 15% !important;padding-left: 15% !important;} »][vc_row full_width= »stretch_row_content_no_spaces »][vc_column][/vc_column][/vc_row][vc_row css= ».vc_custom_1591366502328{margin-top: 5% !important;} » visibility= »hidden »][vc_column][vc_column_text]Pédagogues passionné.es à la créativité bouillonnante, nous créons des outils pédagogiques adaptés à vos projets et aux nouvelles technologies. Nous adaptons les ressources pour vous permettre de mieux communiquer avec&hellip;" />
<meta property="og:url" content="https://langueetcom.fr/en/trainings/for-professionals/" />
<meta property="og:site_name" content="Langue et Communication" />
<meta property="article:modified_time" content="2020-07-22T08:29:47+00:00" />
<meta name="twitter:card" content="summary_large_image" />
<meta name="twitter:label1" content="Durée de lecture est." />
	<meta name="twitter:data1" content="2 minutes" />
<script type="application/ld+json" class="yoast-schema-graph">{"@context":"https://schema.org","@graph":[{"@type":"Organization","@id":"https://langueetcom.fr/#organization","name":"Langue et Communication","url":"https://langueetcom.fr/","sameAs":[],"logo":{"@type":"ImageObject","@id":"https://langueetcom.fr/#logo","inLanguage":"fr-FR","url":"https://langueetcom.fr/wp-content/uploads/2020/12/langueetcom-logo-typoseule-004.png","contentUrl":"https://langueetcom.fr/wp-content/uploads/2020/12/langueetcom-logo-typoseule-004.png","width":909,"height":268,"caption":"Langue et Communication"},"image":{"@id":"https://langueetcom.fr/#logo"}},{"@type":"WebSite","@id":"https://langueetcom.fr/#website","url":"https://langueetcom.fr/","name":"Langue et Communication","description":"Centre de formation pour un apprentissage du fran\u00e7aisriche de sens","publisher":{"@id":"https://langueetcom.fr/#organization"},"potentialAction":[{"@type":"SearchAction","target":"https://langueetcom.fr/?s={search_term_string}","query-input":"required name=search_term_string"}],"inLanguage":"fr-FR"},{"@type":"WebPage","@id":"https://langueetcom.fr/en/trainings/for-professionals/#webpage","url":"https://langueetcom.fr/en/trainings/for-professionals/","name":"for professionals | Langue et Communication","isPartOf":{"@id":"https://langueetcom.fr/#website"},"datePublished":"2020-07-17T11:46:24+00:00","dateModified":"2020-07-22T08:29:47+00:00","breadcrumb":{"@id":"https://langueetcom.fr/en/trainings/for-professionals/#breadcrumb"},"inLanguage":"fr-FR","potentialAction":[{"@type":"ReadAction","target":["https://langueetcom.fr/en/trainings/for-professionals/"]}]},{"@type":"BreadcrumbList","@id":"https://langueetcom.fr/en/trainings/for-professionals/#breadcrumb","itemListElement":[{"@type":"ListItem","position":1,"item":{"@type":"WebPage","@id":"https://langueetcom.fr/","url":"https://langueetcom.fr/","name":"Accueil"}},{"@type":"ListItem","position":2,"item":{"@type":"WebPage","@id":"https://langueetcom.fr/en/trainings/","url":"https://langueetcom.fr/en/trainings/","name":"Trainings"}},{"@type":"ListItem","position":3,"item":{"@id":"https://langueetcom.fr/en/trainings/for-professionals/#webpage"}}]}]}</script>
<!-- / Yoast SEO plugin. -->
